e 2*v = u - 0. What is the units digit of v?
0
Let l(b) = b**3 - 4*b**2 - 6*b + 6. What is the units digit of l(6)?
2
Suppose -5*w - 2*d + 585 = 0, -3*d + 29 = w - 101. What is the units digit of w?
5
Let r(x) = 0*x + 17 - 3*x + 2*x. Suppose 0*o - 5*o = -55. What is the units digit of r(o)?
6
Suppose -4*p = -4*j + 1068, -5*j - p = -3*p - 1338. What is the tens digit of j?
6
Let s = 10 + -7. Suppose -3*f - 5*x + 24 = 0, 5*x - 6 = 2*f + s. Suppose -l - 3*w + 23 = 0, 3*l - f*w = l + 1. What is the units digit of l?
8
Let m(k) = k**3 + 4*k**2 - 5*k + 3. Let u be m(-5). Suppose -40 + 1 = -u*q + 5*y, 5*y + 75 = 5*q. What is the units digit of q?
8
Let n(f) be the first derivative of -3*f**4/4 - f**2/2 + 1. Let y be n(-1). Suppose -2*j = y*u + 16, -2*j = -5*u - 17 - 12. What is the units digit of j?
2
Let k(x) = 3*x**3 + x**2. Let o be k(1). Let g = 35 - 23. Suppose -2*j = 4*m - 22, m + 14 + g = o*j. What is the units digit of j?
7
What is the tens digit of 4316/22 + 60/(-330)?
9
Let w(k) = 3*k**3 + 4*k**2 + 0*k**2 + 0*k**2 + 2*k + 7. Let f(d) = d**3 + 1. Let b(v) = -4*f(v) + w(v). What is the tens digit of b(4)?
1
Let d(g) = 7*g**2 - 1. Let y = -1 + 3. Suppose -y*h + 3*h = 1. What is the units digit of d(h)?
6
Let m be ((-5)/15)/(1/(-18)). Suppose -4*s = -m + 26. Let o(a) = -a**2 - 8*a - 4. What is the tens digit of o(s)?
1
What is the units digit of 8560/128 + 1/8?
7
Let g = 12 + -9. Suppose g*w - 16 = 8. What is the units digit of w?
8
Let v be ((-64)/40)/((-4)/10). Suppose -v*b = h + 8, 3*b = -5*h - 1 + 12. What is the units digit of h?
4
What is the units digit of 418/4 - (-3)/(-6)?
4
Let w(s) = -s**3 - 6*s**2 - 4*s + 2. Let c be w(-5). Let t(k) = k**2 - 5*k - 4. What is the tens digit of t(c)?
2
Let w be 48/(-2)*(-33)/44. Suppose -r = 2*r - w. What is the units digit of r?
6
Let p = -103 + 262. What is the hundreds digit of p?
1
Suppose 1 = -2*k + 13. Suppose n + n - k = 0. Suppose n*a = 4*f - 26, -3*f - a + 11 = a. What is the units digit of f?
5
Let c(f) = f**3 + 4*f**2 + 4*f - 18. What is the tens digit of c(3)?
5
Let u be 1 + (0 - 1) + -2. Let f = -2 + u. Let g = 10 - f. What is the units digit of g?
4
Let l be 1*(-5)/(5/(-4)). Let k(m) = -3*m + 3. Let j be k(-7). Suppose l*i + n - j = 0, 3*i + 6*n = n + 18. What is the units digit of i?
6
Suppose 3*w - 130 = -d, 2*w + 2*w - 168 = 4*d. What is the units digit of w?
3
Suppose -4*b + 3*b = -m + 3, 4*b + 12 = 2*m. Suppose 3*r + m*r = 15. Suppose -y + r*y = 12. What is the units digit of y?
3
Suppose 4*x = 16, -j - 6*x = -9*x - 88. What is the hundreds digit of j?
1
Let v = 37 - -13. What is the tens digit of v?
5
Let t be 4/6 - (-2)/6. What is the tens digit of -7*((-10)/14 - t)?
1
Suppose -g - 2*h = -16, -h - 3*h = -20. Let j = 15 - g. What is the units digit of j?
9
Suppose -p + 4*i = 0, 2*p + i = 4*p. Let j(d) = -d + 18. What is the units digit of j(p)?
8
Let w(t) = 12 - 6 - t + 6 + 5. What is the units digit of w(8)?
9
Suppose 5 = j + 4*j. Let k = j + 0. What is the units digit of (3 - 0 - k) + 6?
8
Suppose 0*f = -5*f + 185. What is the units digit of f?
7
Let x = 12 + -25. Suppose 0*g + 4*g = -8. Let b = g - x. What is the units digit of b?
1
Let l(u) = -4*u**2 + 2*u + 1. Let g be l(2). Let s = g - -12. What is the units digit of s?
1
Let i be 22/11 + 2*-1. Suppose i = -x - 3 - 0. What is the units digit of 154/10 + x/(-5)?
6
Let f(i) = -44*i + 16. What is the tens digit of f(-3)?
4
Let v be -3 - (37 + 2)/(-1). What is the tens digit of (153/v)/((-2)/(-8))?
1
Suppose s = 4*s - 72. What is the units digit of s?
4
Suppose 12 = -0*a + 3*a. Suppose a*i - 11 = 3*i. What is the tens digit of i?
1
Let t = -467 + 718. What is the hundreds digit of t?
2
Let w = -43 + 70. Suppose 4*a - 23 = h, 4*h - 8*h - w = -3*a. What is the tens digit of h/(-9) + 59/3?
2
Let v(s) = -s**3 - s**2 - 2*s - 1. Let z be v(-1). Let k be 0 + 0/z*-1. Let o = k - -5. What is the units digit of o?
5
Let w be 3 + 1 + (0 - 0). Suppose 0 = -3*r - w*h + 27, -4*h = 4*r + h - 36. What is the units digit of r?
9
Suppose -2*z = -0*z. Let b = 50 + 0. Suppose b = 5*g - z*g. What is the tens digit of g?
1
Suppose -6*l = -l - 25. Suppose -3 = 2*h + l. Let o = -2 - h. What is the units digit of o?
2
Let q(f) = f**3 + 7*f**2 + 3*f - 4. Suppose -5*p - 20 = 10. What is the units digit of q(p)?
4
Let g be (-18)/(-8) - (-4)/(-16). What is the tens digit of -2 - (g - 4)*7?
1
Let u = -61 + 196. What is the tens digit of u?
3
Suppose -5*l + 1053 = -272. What is the tens digit of l?
6
Suppose 4*d - 54 = -2*i, 4*d = -0*d - 4*i + 56. Suppose 3*t - b = 34, 4*b + 6 = t + d. What is the tens digit of t?
1
Let l(d) = -d**2 + d + 7. Let m(t) = t - 5. Let n(w) = -1. Let x(a) = -m(a) + 4*n(a). Let s(y) = -l(y) + 3*x(y). What is the units digit of s(6)?
8
Let o = 150 - -46. What is the units digit of o?
6
Suppose 3*a = -2*f + 46 + 158, 2*f = -5*a + 208. What is the units digit of f?
9
Let i(a) = a**2 - 6*a - 7. Let n be i(-5). Let s = -16 + n. What is the tens digit of s?
3
Suppose 0 = 5*t + 15 + 30. Let n = 21 - t. What is the units digit of n?
0
Suppose -2*u = -5*u + 24. Suppose -3*d + u + 4 = 0. What is the units digit of (d/(-2))/(10/(-5))?
1
Let v(i) = 4*i - 10. Suppose -t + 24 = 3*t. What is the units digit of v(t)?
4
Let q be (-5 - -3)*388/(-8). Suppose 2*o = -3*r + q, 6*r - r + 2*o - 159 = 0. What is the units digit of r?
1
What is the units digit of (-3039)/(-33) + 12/(-132)?
2
Let y(l) be the first derivative of -l**4/4 - 2*l**3 + 7*l**2/2 + 2*l + 1. Let u be y(-7). What is the units digit of (20/(-6))/(u/(-9))?
5
Let j(u) = -u**2 - 13*u - 15. Suppose 0 = -2*q + 3*z - 23, q + q = -5*z - 15. What is the units digit of j(q)?
5
Suppose 13*r - 12*r = 31. What is the units digit of r?
1
Suppose 16*t - 13*t = 1020. What is the tens digit of t?
4
Suppose 5*n = 4*n + 41. Suppose 3*b = 12, 5*p + n = -0*p + 4*b. Let t(o) = o**3 + 4*o**2 - 6*o + 2. What is the units digit of t(p)?
7
Suppose 1 + 56 = 3*a. What is the units digit of a?
9
Let l = -81 + 253. What is the tens digit of l?
7
Let r(b) = 4*b + 5. Let d = 14 + -9. Let a(p) = -7*p - 9. Let x(h) = d*r(h) + 3*a(h). What is the units digit of x(-3)?
1
Suppose 0 = a - 3*a - 3*r + 125, -a + 4*r = -46. Suppose -4*j + 5*g + 71 = 0, 5*j + 0*g = -4*g + a. What is the tens digit of j?
1
Let f(s) = s**3 + 13. What is the units digit of f(0)?
3
Suppose 2*p - 3*g = -2*p + 19, -2*p + 5 = -3*g. What is the units digit of p?
7
Let z be (1/(-2))/(10/40). What is the units digit of (-9)/z*2 + -3?
6
Let t = 61 + -38. Suppose t = 4*v - 137. What is the units digit of v?
0
Suppose h + 14 = 3*h - 4*i, 0 = -2*h + 5*i + 17. Let s(v) = 8*v + 1. Let k be s(h). Let q(t) = t**3 - 9*t**2 + t - 7. What is the units digit of q(k)?
2
Let l = 31 + -10. Suppose -l = -c - 14. What is the units digit of c?
7
Let q(s) = -s**3 - 3*s**2 + 5*s + 6. Let i be q(-4). Suppose -4*d = 3*a - 58, 2*a - 3*a = -i*d - 6. What is the tens digit of a?
1
Suppose 2*y = 2*s - 0*s, 5*y = -s. What is the units digit of y - (1 + -1 + -2)?
2
Suppose y - 9 = 3*x, 0 = -2*y - 2*y + 5*x + 15. Suppose -5*q + q = y. Suppose q*w = 2*w - 24. What is the tens digit of w?
1
Suppose -3*p = 2*g + 3*g - 140, 0 = 2*p + 5*g - 95. What is the tens digit of p?
4
Suppose -1 - 5 = -3*z. Suppose z*n = -3*n + 15. Suppose -4 = 2*y - n*y. What is the units digit of y?
4
Let i be 24/(-20)*(-2 - -7). Let d = i + 23. What is the units digit of d?
7
Let d = 547 - 361. What is the hundreds digit of d?
1
Suppose 2*k - 10 = 46. Let b = k + -19. What is the units digit of b?
9
Let y(z) = 4*z**2 - 2*z + 4. Let n be y(4). Suppose -2*i - n = -5*i. What is the tens digit of i?
2
Suppose -42*d + 39*d = -21. What is the units digit of d?
7
What is the tens digit of (-12)/(-4) + 25*1?
2
Suppose 0 = -u + 2 - 0. Suppose -u*o = 4*b + 62, -3*b - o + 25 = 74. Let f = -8 - b. What is the units digit of f?
0
Let g(a) = -25*a + 30. What is the units digit of g(-5)?
5
Let u = 275 + -113. What is the tens digit of u?
6
Suppose 2*g + x + 2*x - 24 = 0, 3*g + x = 22. Suppose y = -0*y + g. What is the units digit of y?
6
Let v(w) = w + 6. Let r be v(-4). Suppose r*h - 13 = -3. What is the units digit of h?
5
Suppose -4*i + i + 140 = -4*m, -4*i = -3*m - 189. What is the units digit of i?
8
Suppose -x + 3 